[INFO] fetching crate actix-web-codegen 0.3.0-beta.1...
[INFO] checking actix-web-codegen-0.3.0-beta.1 against master#af3c6e733a40e671550e0f0f5aeecaa13772ba56 for pr-74989
[INFO] extracting crate actix-web-codegen 0.3.0-beta.1 into /workspace/builds/worker-3/source
[INFO] validating manifest of crates.io crate actix-web-codegen 0.3.0-beta.1 on toolchain af3c6e733a40e671550e0f0f5aeecaa13772ba56
[INFO] running `Command { std: "/workspace/cargo-home/bin/cargo" "+af3c6e733a40e671550e0f0f5aeecaa13772ba56" "read-manifest" "--manifest-path" "Cargo.toml", kill_on_drop: false }`
[INFO] started tweaking crates.io crate actix-web-codegen 0.3.0-beta.1
[INFO] finished tweaking crates.io crate actix-web-codegen 0.3.0-beta.1
[INFO] tweaked toml for crates.io crate actix-web-codegen 0.3.0-beta.1 written to /workspace/builds/worker-3/source/Cargo.toml
[INFO] running `Command { std: "/workspace/cargo-home/bin/cargo" "+af3c6e733a40e671550e0f0f5aeecaa13772ba56" "generate-lockfile" "--manifest-path" "Cargo.toml" "-Zno-index-update", kill_on_drop: false }`
[INFO] running `Command { std: "/workspace/cargo-home/bin/cargo" "+af3c6e733a40e671550e0f0f5aeecaa13772ba56" "fetch" "--locked" "--manifest-path" "Cargo.toml", kill_on_drop: false }`
[INFO] running `Command { std: "docker" "create" "-v" "/var/lib/crater-agent-workspace/builds/worker-3/target:/opt/rustwide/target:rw,Z" "-v" "/var/lib/crater-agent-workspace/builds/worker-3/source:/opt/rustwide/workdir:ro,Z" "-v" "/var/lib/crater-agent-workspace/cargo-home:/opt/rustwide/cargo-home:ro,Z" "-v" "/var/lib/crater-agent-workspace/rustup-home:/opt/rustwide/rustup-home:ro,Z" "-e" "SOURCE_DIR=/opt/rustwide/workdir" "-e" "CARGO_TARGET_DIR=/opt/rustwide/target" "-e" "CARGO_HOME=/opt/rustwide/cargo-home" "-e" "RUSTUP_HOME=/opt/rustwide/rustup-home" "-w" "/opt/rustwide/workdir" "-m" "1610612736" "--user" "0:0" "--network" "none" "rustops/crates-build-env@sha256:d92eaeed33fa75130ca1ee6c8a01d1ffb62bac859dfdfb3450e3e5d1c0146529" "/opt/rustwide/cargo-home/bin/cargo" "+af3c6e733a40e671550e0f0f5aeecaa13772ba56" "metadata" "--no-deps" "--format-version=1", kill_on_drop: false }`
[INFO] [stdout] 1789747eff070eced855cd83dfe9b8368222310070f40f0378b94c2469a252c5
[INFO] [stderr] WARNING: Your kernel does not support swap limit capabilities or the cgroup is not mounted. Memory limited without swap.
[INFO] running `Command { std: "docker" "start" "-a" "1789747eff070eced855cd83dfe9b8368222310070f40f0378b94c2469a252c5", kill_on_drop: false }`
[INFO] running `Command { std: "docker" "inspect" "1789747eff070eced855cd83dfe9b8368222310070f40f0378b94c2469a252c5", kill_on_drop: false }`
[INFO] running `Command { std: "docker" "rm" "-f" "1789747eff070eced855cd83dfe9b8368222310070f40f0378b94c2469a252c5", kill_on_drop: false }`
[INFO] [stdout] 1789747eff070eced855cd83dfe9b8368222310070f40f0378b94c2469a252c5
[INFO] running `Command { std: "docker" "create" "-v" "/var/lib/crater-agent-workspace/builds/worker-3/target:/opt/rustwide/target:rw,Z" "-v" "/var/lib/crater-agent-workspace/builds/worker-3/source:/opt/rustwide/workdir:ro,Z" "-v" "/var/lib/crater-agent-workspace/cargo-home:/opt/rustwide/cargo-home:ro,Z" "-v" "/var/lib/crater-agent-workspace/rustup-home:/opt/rustwide/rustup-home:ro,Z" "-e" "SOURCE_DIR=/opt/rustwide/workdir" "-e" "CARGO_TARGET_DIR=/opt/rustwide/target" "-e" "CARGO_INCREMENTAL=0" "-e" "RUST_BACKTRACE=full" "-e" "RUSTFLAGS=--cap-lints=forbid" "-e" "CARGO_HOME=/opt/rustwide/cargo-home" "-e" "RUSTUP_HOME=/opt/rustwide/rustup-home" "-w" "/opt/rustwide/workdir" "-m" "1610612736" "--user" "0:0" "--network" "none" "rustops/crates-build-env@sha256:d92eaeed33fa75130ca1ee6c8a01d1ffb62bac859dfdfb3450e3e5d1c0146529" "/opt/rustwide/cargo-home/bin/cargo" "+af3c6e733a40e671550e0f0f5aeecaa13772ba56" "check" "--frozen" "--all" "--all-targets" "--message-format=json", kill_on_drop: false }`
[INFO] [stdout] a2a6200a66b8ac0182d25abce2b74f70cd21b53377194c7447ba56bf88f31200
[INFO] [stderr] WARNING: Your kernel does not support swap limit capabilities or the cgroup is not mounted. Memory limited without swap.
[INFO] running `Command { std: "docker" "start" "-a" "a2a6200a66b8ac0182d25abce2b74f70cd21b53377194c7447ba56bf88f31200", kill_on_drop: false }`
[INFO] [stderr]     Checking futures-core v0.3.5
[INFO] [stderr]    Compiling pin-project-internal v0.4.23
[INFO] [stderr]     Checking instant v0.1.6
[INFO] [stderr]     Checking smallvec v1.4.2
[INFO] [stderr]     Checking unicode-xid v0.2.1
[INFO] [stderr]     Checking pin-project-lite v0.1.7
[INFO] [stderr]     Checking bytes v0.5.6
[INFO] [stderr]     Checking pin-utils v0.1.0
[INFO] [stderr]     Checking futures-task v0.3.5
[INFO] [stderr]     Checking copyless v0.1.5
[INFO] [stderr]     Checking lock_api v0.4.1
[INFO] [stderr]     Checking threadpool v1.8.1
[INFO] [stderr]    Compiling syn v1.0.40
[INFO] [stderr]     Checking proc-macro2 v1.0.21
[INFO] [stderr]     Checking futures-channel v0.3.5
[INFO] [stderr]     Checking parking_lot_core v0.8.0
[INFO] [stderr]     Checking tokio v0.2.22
[INFO] [stderr]     Checking parking_lot v0.11.0
[INFO] [stderr]     Checking quote v1.0.7
[INFO] [stderr]     Checking actix-web-codegen v0.3.0-beta.1 (/opt/rustwide/workdir)
[INFO] [stderr]    Compiling derive_more v0.99.10
[INFO] [stderr]    Compiling actix-macros v0.1.2
[INFO] [stderr]     Checking pin-project v0.4.23
[INFO] [stderr]     Checking futures-util v0.3.5
[INFO] [stderr]     Checking actix-threadpool v0.3.3
[INFO] [stderr]     Checking actix-rt v1.1.1
[INFO] [stdout] error[E0433]: failed to resolve: use of undeclared type or module `actix_web`
[INFO] [stdout]  --> tests/test_macro.rs:5:5
[INFO] [stdout]   |
[INFO] [stdout] 5 | use actix_web::{http, test, web::Path, App, HttpResponse, Responder, Error};
[INFO] [stdout]   |     ^^^^^^^^^ use of undeclared type or module `actix_web`
[INFO] [stdout] 
[INFO] [stdout] 
[INFO] [stdout] error[E0433]: failed to resolve: use of undeclared type or module `actix_web`
[INFO] [stdout]  --> tests/test_macro.rs:6:5
[INFO] [stdout]   |
[INFO] [stdout] 6 | use actix_web::dev::{Service, Transform, ServiceRequest, ServiceResponse};
[INFO] [stdout]   |     ^^^^^^^^^ use of undeclared type or module `actix_web`
[INFO] [stdout] 
[INFO] [stdout] 
[INFO] [stdout] error[E0433]: failed to resolve: use of undeclared type or module `actix_web`
[INFO] [stdout]  --> tests/test_macro.rs:9:5
[INFO] [stdout]   |
[INFO] [stdout] 9 | use actix_web::http::header::{HeaderName, HeaderValue};
[INFO] [stdout]   |     ^^^^^^^^^ use of undeclared type or module `actix_web`
[INFO] [stdout] 
[INFO] [stdout] 
[INFO] [stdout] error[E0432]: unresolved import `actix_web`
[INFO] [stdout]  --> tests/test_macro.rs:5:5
[INFO] [stdout]   |
[INFO] [stdout] 5 | use actix_web::{http, test, web::Path, App, HttpResponse, Responder, Error};
[INFO] [stdout]   |     ^^^^^^^^^ use of undeclared type or module `actix_web`
[INFO] [stdout] 
[INFO] [stdout] 
[INFO] [stdout] error: cannot determine resolution for the attribute macro `test`
[INFO] [stdout]    --> tests/test_macro.rs:141:1
[INFO] [stdout]     |
[INFO] [stdout] 141 | #[actix_rt::test]
[INFO] [stdout]     | ^^^^^^^^^^^^^^^^^
[INFO] [stdout]     |
[INFO] [stdout]     = note: import resolution is stuck, try simplifying macro imports
[INFO] [stdout]     = note: this error originates in an attribute macro (in Nightly builds, run with -Z macro-backtrace for more info)
[INFO] [stdout] 
[INFO] [stdout] 
[INFO] [stdout] error: cannot determine resolution for the attribute macro `test`
[INFO] [stdout]    --> tests/test_macro.rs:163:1
[INFO] [stdout]     |
[INFO] [stdout] 163 | #[actix_rt::test]
[INFO] [stdout]     | ^^^^^^^^^^^^^^^^^
[INFO] [stdout]     |
[INFO] [stdout]     = note: import resolution is stuck, try simplifying macro imports
[INFO] [stdout]     = note: this error originates in an attribute macro (in Nightly builds, run with -Z macro-backtrace for more info)
[INFO] [stdout] 
[INFO] [stdout] 
[INFO] [stdout] error: cannot determine resolution for the attribute macro `test`
[INFO] [stdout]    --> tests/test_macro.rs:215:1
[INFO] [stdout]     |
[INFO] [stdout] 215 | #[actix_rt::test]
[INFO] [stdout]     | ^^^^^^^^^^^^^^^^^
[INFO] [stdout]     |
[INFO] [stdout]     = note: import resolution is stuck, try simplifying macro imports
[INFO] [stdout]     = note: this error originates in an attribute macro (in Nightly builds, run with -Z macro-backtrace for more info)
[INFO] [stdout] 
[INFO] [stdout] 
[INFO] [stdout] error: cannot determine resolution for the attribute macro `test`
[INFO] [stdout]    --> tests/test_macro.rs:224:1
[INFO] [stdout]     |
[INFO] [stdout] 224 | #[actix_rt::test]
[INFO] [stdout]     | ^^^^^^^^^^^^^^^^^
[INFO] [stdout]     |
[INFO] [stdout]     = note: import resolution is stuck, try simplifying macro imports
[INFO] [stdout]     = note: this error originates in an attribute macro (in Nightly builds, run with -Z macro-backtrace for more info)
[INFO] [stdout] 
[INFO] [stdout] 
[INFO] [stdout] error[E0433]: failed to resolve: use of undeclared type or module `actix_web`
[INFO] [stdout]   --> tests/test_macro.rs:12:1
[INFO] [stdout]    |
[INFO] [stdout] 12 | #[get("/config")]
[INFO] [stdout]    | ^^^^^^^^^^^^^^^^^ use of undeclared type or module `actix_web`
[INFO] [stdout]    |
[INFO] [stdout]    = note: this error originates in an attribute macro (in Nightly builds, run with -Z macro-backtrace for more info)
[INFO] [stdout] 
[INFO] [stdout] 
[INFO] [stdout] error[E0433]: failed to resolve: use of undeclared type or module `actix_web`
[INFO] [stdout]   --> tests/test_macro.rs:17:1
[INFO] [stdout]    |
[INFO] [stdout] 17 | #[get("/test")]
[INFO] [stdout]    | ^^^^^^^^^^^^^^^ use of undeclared type or module `actix_web`
[INFO] [stdout]    |
[INFO] [stdout]    = note: this error originates in an attribute macro (in Nightly builds, run with -Z macro-backtrace for more info)
[INFO] [stdout] 
[INFO] [stdout] 
[INFO] [stdout] error[E0433]: failed to resolve: use of undeclared type or module `actix_web`
[INFO] [stdout]   --> tests/test_macro.rs:22:1
[INFO] [stdout]    |
[INFO] [stdout] 22 | #[put("/test")]
[INFO] [stdout]    | ^^^^^^^^^^^^^^^ use of undeclared type or module `actix_web`
[INFO] [stdout]    |
[INFO] [stdout]    = note: this error originates in an attribute macro (in Nightly builds, run with -Z macro-backtrace for more info)
[INFO] [stdout] 
[INFO] [stdout] 
[INFO] [stdout] error[E0433]: failed to resolve: use of undeclared type or module `actix_web`
[INFO] [stdout]   --> tests/test_macro.rs:27:1
[INFO] [stdout]    |
[INFO] [stdout] 27 | #[patch("/test")]
[INFO] [stdout]    | ^^^^^^^^^^^^^^^^^ use of undeclared type or module `actix_web`
[INFO] [stdout]    |
[INFO] [stdout]    = note: this error originates in an attribute macro (in Nightly builds, run with -Z macro-backtrace for more info)
[INFO] [stdout] 
[INFO] [stdout] 
[INFO] [stdout] error[E0433]: failed to resolve: use of undeclared type or module `actix_web`
[INFO] [stdout]   --> tests/test_macro.rs:32:1
[INFO] [stdout]    |
[INFO] [stdout] 32 | #[post("/test")]
[INFO] [stdout]    | ^^^^^^^^^^^^^^^^ use of undeclared type or module `actix_web`
[INFO] [stdout]    |
[INFO] [stdout]    = note: this error originates in an attribute macro (in Nightly builds, run with -Z macro-backtrace for more info)
[INFO] [stdout] 
[INFO] [stdout] 
[INFO] [stdout] error[E0433]: failed to resolve: use of undeclared type or module `actix_web`
[INFO] [stdout]   --> tests/test_macro.rs:37:1
[INFO] [stdout]    |
[INFO] [stdout] 37 | #[head("/test")]
[INFO] [stdout]    | ^^^^^^^^^^^^^^^^ use of undeclared type or module `actix_web`
[INFO] [stdout]    |
[INFO] [stdout]    = note: this error originates in an attribute macro (in Nightly builds, run with -Z macro-backtrace for more info)
[INFO] [stdout] 
[INFO] [stdout] 
[INFO] [stdout] error[E0433]: failed to resolve: use of undeclared type or module `actix_web`
[INFO] [stdout]   --> tests/test_macro.rs:42:1
[INFO] [stdout]    |
[INFO] [stdout] 42 | #[connect("/test")]
[INFO] [stdout]    | ^^^^^^^^^^^^^^^^^^^ use of undeclared type or module `actix_web`
[INFO] [stdout]    |
[INFO] [stdout]    = note: this error originates in an attribute macro (in Nightly builds, run with -Z macro-backtrace for more info)
[INFO] [stdout] 
[INFO] [stdout] 
[INFO] [stdout] error[E0433]: failed to resolve: use of undeclared type or module `actix_web`
[INFO] [stdout]   --> tests/test_macro.rs:47:1
[INFO] [stdout]    |
[INFO] [stdout] 47 | #[options("/test")]
[INFO] [stdout]    | ^^^^^^^^^^^^^^^^^^^ use of undeclared type or module `actix_web`
[INFO] [stdout]    |
[INFO] [stdout]    = note: this error originates in an attribute macro (in Nightly builds, run with -Z macro-backtrace for more info)
[INFO] [stdout] 
[INFO] [stdout] 
[INFO] [stdout] error[E0433]: failed to resolve: use of undeclared type or module `actix_web`
[INFO] [stdout]   --> tests/test_macro.rs:52:1
[INFO] [stdout]    |
[INFO] [stdout] 52 | #[trace("/test")]
[INFO] [stdout]    | ^^^^^^^^^^^^^^^^^ use of undeclared type or module `actix_web`
[INFO] [stdout]    |
[INFO] [stdout]    = note: this error originates in an attribute macro (in Nightly builds, run with -Z macro-backtrace for more info)
[INFO] [stdout] 
[INFO] [stdout] 
[INFO] [stdout] error[E0433]: failed to resolve: use of undeclared type or module `actix_web`
[INFO] [stdout]   --> tests/test_macro.rs:57:1
[INFO] [stdout]    |
[INFO] [stdout] 57 | #[get("/test")]
[INFO] [stdout]    | ^^^^^^^^^^^^^^^ use of undeclared type or module `actix_web`
[INFO] [stdout]    |
[INFO] [stdout]    = note: this error originates in an attribute macro (in Nightly builds, run with -Z macro-backtrace for more info)
[INFO] [stdout] 
[INFO] [stdout] 
[INFO] [stdout] error[E0433]: failed to resolve: use of undeclared type or module `actix_web`
[INFO] [stdout]   --> tests/test_macro.rs:58:62
[INFO] [stdout]    |
[INFO] [stdout] 58 | fn auto_async() -> impl Future<Output = Result<HttpResponse, actix_web::Error>> {
[INFO] [stdout]    |                                                              ^^^^^^^^^ use of undeclared type or module `actix_web`
[INFO] [stdout] 
[INFO] [stdout] 
[INFO] [stdout] error[E0433]: failed to resolve: use of undeclared type or module `actix_web`
[INFO] [stdout]   --> tests/test_macro.rs:62:1
[INFO] [stdout]    |
[INFO] [stdout] 62 | #[get("/test")]
[INFO] [stdout]    | ^^^^^^^^^^^^^^^ use of undeclared type or module `actix_web`
[INFO] [stdout]    |
[INFO] [stdout]    = note: this error originates in an attribute macro (in Nightly builds, run with -Z macro-backtrace for more info)
[INFO] [stdout] 
[INFO] [stdout] 
[INFO] [stdout] error[E0433]: failed to resolve: use of undeclared type or module `actix_web`
[INFO] [stdout]   --> tests/test_macro.rs:63:61
[INFO] [stdout]    |
[INFO] [stdout] 63 | fn auto_sync() -> impl Future<Output = Result<HttpResponse, actix_web::Error>> {
[INFO] [stdout]    |                                                             ^^^^^^^^^ use of undeclared type or module `actix_web`
[INFO] [stdout] 
[INFO] [stdout] 
[INFO] [stdout] error[E0433]: failed to resolve: use of undeclared type or module `actix_web`
[INFO] [stdout]   --> tests/test_macro.rs:67:1
[INFO] [stdout]    |
[INFO] [stdout] 67 | #[put("/test/{param}")]
[INFO] [stdout]    | ^^^^^^^^^^^^^^^^^^^^^^^ use of undeclared type or module `actix_web`
[INFO] [stdout]    |
[INFO] [stdout]    = note: this error originates in an attribute macro (in Nightly builds, run with -Z macro-backtrace for more info)
[INFO] [stdout] 
[INFO] [stdout] 
[INFO] [stdout] error[E0433]: failed to resolve: use of undeclared type or module `actix_web`
[INFO] [stdout]   --> tests/test_macro.rs:72:1
[INFO] [stdout]    |
[INFO] [stdout] 72 | #[delete("/test/{param}")]
[INFO] [stdout]    | ^^^^^^^^^^^^^^^^^^^^^^^^^^ use of undeclared type or module `actix_web`
[INFO] [stdout]    |
[INFO] [stdout]    = note: this error originates in an attribute macro (in Nightly builds, run with -Z macro-backtrace for more info)
[INFO] [stdout] 
[INFO] [stdout] 
[INFO] [stdout] error[E0433]: failed to resolve: use of undeclared type or module `actix_web`
[INFO] [stdout]   --> tests/test_macro.rs:77:1
[INFO] [stdout]    |
[INFO] [stdout] 77 | #[get("/test/{param}")]
[INFO] [stdout]    | ^^^^^^^^^^^^^^^^^^^^^^^ use of undeclared type or module `actix_web`
[INFO] [stdout]    |
[INFO] [stdout]    = note: this error originates in an attribute macro (in Nightly builds, run with -Z macro-backtrace for more info)
[INFO] [stdout] 
[INFO] [stdout] 
[INFO] [stdout] error[E0433]: failed to resolve: use of undeclared type or module `HeaderName`
[INFO] [stdout]    --> tests/test_macro.rs:128:31
[INFO] [stdout]     |
[INFO] [stdout] 128 |             let header_name = HeaderName::from_lowercase(b"custom-header").unwrap();
[INFO] [stdout]     |                               ^^^^^^^^^^ use of undeclared type or module `HeaderName`
[INFO] [stdout] 
[INFO] [stdout] 
[INFO] [stdout] error[E0433]: failed to resolve: use of undeclared type or module `HeaderValue`
[INFO] [stdout]    --> tests/test_macro.rs:129:32
[INFO] [stdout]     |
[INFO] [stdout] 129 |             let header_value = HeaderValue::from_str("hello").unwrap();
[INFO] [stdout]     |                                ^^^^^^^^^^^ use of undeclared type or module `HeaderValue`
[INFO] [stdout] 
[INFO] [stdout] 
[INFO] [stdout] error[E0433]: failed to resolve: use of undeclared type or module `actix_web`
[INFO] [stdout]    --> tests/test_macro.rs:136:1
[INFO] [stdout]     |
[INFO] [stdout] 136 | #[get("/test/wrap", wrap = "ChangeStatusCode")]
[INFO] [stdout]     | ^^^^^^^^^^^^^^^^^^^^^^^^^^^^^^^^^^^^^^^^^^^^^^^ use of undeclared type or module `actix_web`
[INFO] [stdout]     |
[INFO] [stdout]     = note: this error originates in an attribute macro (in Nightly builds, run with -Z macro-backtrace for more info)
[INFO] [stdout] 
[INFO] [stdout] 
[INFO] [stdout] error[E0412]: cannot find type `Path` in this scope
[INFO] [stdout]   --> tests/test_macro.rs:68:28
[INFO] [stdout]    |
[INFO] [stdout] 68 | async fn put_param_test(_: Path<String>) -> impl Responder {
[INFO] [stdout]    |                            ^^^^ not found in this scope
[INFO] [stdout]    |
[INFO] [stdout] help: consider importing one of these items
[INFO] [stdout]    |
[INFO] [stdout] 1  | use std::path::Path;
[INFO] [stdout]    |
[INFO] [stdout] 1  | use syn::Path;
[INFO] [stdout]    |
[INFO] [stdout] 
[INFO] [stdout] 
[INFO] [stdout] error[E0412]: cannot find type `Path` in this scope
[INFO] [stdout]   --> tests/test_macro.rs:73:31
[INFO] [stdout]    |
[INFO] [stdout] 73 | async fn delete_param_test(_: Path<String>) -> impl Responder {
[INFO] [stdout]    |                               ^^^^ not found in this scope
[INFO] [stdout]    |
[INFO] [stdout] help: consider importing one of these items
[INFO] [stdout]    |
[INFO] [stdout] 1  | use std::path::Path;
[INFO] [stdout]    |
[INFO] [stdout] 1  | use syn::Path;
[INFO] [stdout]    |
[INFO] [stdout] 
[INFO] [stdout] 
[INFO] [stdout] error[E0412]: cannot find type `Path` in this scope
[INFO] [stdout]   --> tests/test_macro.rs:78:28
[INFO] [stdout]    |
[INFO] [stdout] 78 | async fn get_param_test(_: Path<String>) -> impl Responder {
[INFO] [stdout]    |                            ^^^^ not found in this scope
[INFO] [stdout]    |
[INFO] [stdout] help: consider importing one of these items
[INFO] [stdout]    |
[INFO] [stdout] 1  | use std::path::Path;
[INFO] [stdout]    |
[INFO] [stdout] 1  | use syn::Path;
[INFO] [stdout]    |
[INFO] [stdout] 
[INFO] [stdout] 
[INFO] [stdout] error[E0405]: cannot find trait `Transform` in this scope
[INFO] [stdout]   --> tests/test_macro.rs:84:12
[INFO] [stdout]    |
[INFO] [stdout] 84 | impl<S, B> Transform<S> for ChangeStatusCode
[INFO] [stdout]    |            ^^^^^^^^^ not found in this scope
[INFO] [stdout] 
[INFO] [stdout] 
[INFO] [stdout] error[E0405]: cannot find trait `Service` in this scope
[INFO] [stdout]   --> tests/test_macro.rs:86:8
[INFO] [stdout]    |
[INFO] [stdout] 86 |     S: Service<Request = ServiceRequest, Response = ServiceResponse<B>, Error = Error>,
[INFO] [stdout]    |        ^^^^^^^ not found in this scope
[INFO] [stdout] 
[INFO] [stdout] 
[INFO] [stdout] error[E0412]: cannot find type `ServiceRequest` in this scope
[INFO] [stdout]   --> tests/test_macro.rs:86:26
[INFO] [stdout]    |
[INFO] [stdout] 86 |     S: Service<Request = ServiceRequest, Response = ServiceResponse<B>, Error = Error>,
[INFO] [stdout]    |                          ^^^^^^^^^^^^^^ not found in this scope
[INFO] [stdout] 
[INFO] [stdout] 
[INFO] [stdout] error[E0412]: cannot find type `ServiceResponse` in this scope
[INFO] [stdout]   --> tests/test_macro.rs:86:53
[INFO] [stdout]    |
[INFO] [stdout] 86 |     S: Service<Request = ServiceRequest, Response = ServiceResponse<B>, Error = Error>,
[INFO] [stdout]    |                                                     ^^^^^^^^^^^^^^^ not found in this scope
[INFO] [stdout] 
[INFO] [stdout] 
[INFO] [stdout] error[E0412]: cannot find type `ServiceRequest` in this scope
[INFO] [stdout]   --> tests/test_macro.rs:90:20
[INFO] [stdout]    |
[INFO] [stdout] 90 |     type Request = ServiceRequest;
[INFO] [stdout]    |                    ^^^^^^^^^^^^^^ not found in this scope
[INFO] [stdout] 
[INFO] [stdout] 
[INFO] [stdout] error[E0412]: cannot find type `ServiceResponse` in this scope
[INFO] [stdout]   --> tests/test_macro.rs:91:21
[INFO] [stdout]    |
[INFO] [stdout] 91 |     type Response = ServiceResponse<B>;
[INFO] [stdout]    |                     ^^^^^^^^^^^^^^^ not found in this scope
[INFO] [stdout] 
[INFO] [stdout] 
[INFO] [stdout] error[E0405]: cannot find trait `Service` in this scope
[INFO] [stdout]    --> tests/test_macro.rs:106:12
[INFO] [stdout]     |
[INFO] [stdout] 106 | impl<S, B> Service for ChangeStatusCodeMiddleware<S>
[INFO] [stdout]     |            ^^^^^^^ not found in this scope
[INFO] [stdout] 
[INFO] [stdout] 
[INFO] [stdout] error[E0405]: cannot find trait `Service` in this scope
[INFO] [stdout]    --> tests/test_macro.rs:108:8
[INFO] [stdout]     |
[INFO] [stdout] 108 |     S: Service<Request = ServiceRequest, Response = ServiceResponse<B>, Error = Error>,
[INFO] [stdout]     |        ^^^^^^^ not found in this scope
[INFO] [stdout] 
[INFO] [stdout] 
[INFO] [stdout] error[E0412]: cannot find type `ServiceRequest` in this scope
[INFO] [stdout]    --> tests/test_macro.rs:108:26
[INFO] [stdout]     |
[INFO] [stdout] 108 |     S: Service<Request = ServiceRequest, Response = ServiceResponse<B>, Error = Error>,
[INFO] [stdout]     |                          ^^^^^^^^^^^^^^ not found in this scope
[INFO] [stdout] 
[INFO] [stdout] 
[INFO] [stdout] error[E0412]: cannot find type `ServiceResponse` in this scope
[INFO] [stdout]    --> tests/test_macro.rs:108:53
[INFO] [stdout]     |
[INFO] [stdout] 108 |     S: Service<Request = ServiceRequest, Response = ServiceResponse<B>, Error = Error>,
[INFO] [stdout]     |                                                     ^^^^^^^^^^^^^^^ not found in this scope
[INFO] [stdout] 
[INFO] [stdout] 
[INFO] [stdout] error[E0412]: cannot find type `ServiceRequest` in this scope
[INFO] [stdout]    --> tests/test_macro.rs:112:20
[INFO] [stdout]     |
[INFO] [stdout] 112 |     type Request = ServiceRequest;
[INFO] [stdout]     |                    ^^^^^^^^^^^^^^ not found in this scope
[INFO] [stdout] 
[INFO] [stdout] 
[INFO] [stdout] error[E0412]: cannot find type `ServiceResponse` in this scope
[INFO] [stdout]    --> tests/test_macro.rs:113:21
[INFO] [stdout]     |
[INFO] [stdout] 113 |     type Response = ServiceResponse<B>;
[INFO] [stdout]     |                     ^^^^^^^^^^^^^^^ not found in this scope
[INFO] [stdout] 
[INFO] [stdout] 
[INFO] [stdout] error[E0412]: cannot find type `ServiceRequest` in this scope
[INFO] [stdout]    --> tests/test_macro.rs:121:29
[INFO] [stdout]     |
[INFO] [stdout] 121 |     fn call(&mut self, req: ServiceRequest) -> Self::Future {
[INFO] [stdout]     |                             ^^^^^^^^^^^^^^ not found in this scope
[INFO] [stdout] 
[INFO] [stdout] 
[INFO] [stdout] error[E0412]: cannot find type `Path` in this scope
[INFO] [stdout]    --> tests/test_macro.rs:137:22
[INFO] [stdout]     |
[INFO] [stdout] 137 | async fn get_wrap(_: Path<String>) -> impl Responder {
[INFO] [stdout]     |                      ^^^^ not found in this scope
[INFO] [stdout]     |
[INFO] [stdout] help: consider importing one of these items
[INFO] [stdout]     |
[INFO] [stdout] 1   | use std::path::Path;
[INFO] [stdout]     |
[INFO] [stdout] 1   | use syn::Path;
[INFO] [stdout]     |
[INFO] [stdout] 
[INFO] [stdout] 
[INFO] [stdout] error: aborting due to 44 previous errors
[INFO] [stdout] 
[INFO] [stdout] 
[INFO] [stdout] Some errors have detailed explanations: E0405, E0412, E0432, E0433.
[INFO] [stdout] 
[INFO] [stdout] For more information about an error, try `rustc --explain E0405`.
[INFO] [stdout] 
[INFO] [stderr] error: could not compile `actix-web-codegen`.
[INFO] [stderr] 
[INFO] [stderr] To learn more, run the command again with --verbose.
[INFO] running `Command { std: "docker" "inspect" "a2a6200a66b8ac0182d25abce2b74f70cd21b53377194c7447ba56bf88f31200", kill_on_drop: false }`
[INFO] running `Command { std: "docker" "rm" "-f" "a2a6200a66b8ac0182d25abce2b74f70cd21b53377194c7447ba56bf88f31200", kill_on_drop: false }`
[INFO] [stdout] a2a6200a66b8ac0182d25abce2b74f70cd21b53377194c7447ba56bf88f31200
